 u = -14106 + 14434. Calculate the remainder when 502 is divided by u.
174
Let o = 509 + -532. Let u(k) = 6*k + 159. Calculate the remainder when 194 is divided by u(o).
5
Suppose 287 = 5*p + 2137. Let g = p - -379. Calculate the remainder when 27 is divided by g.
0
Let o = 4447 + -4410. Calculate the remainder when 886 is divided by o.
35
What is the remainder when 869 is divided by (-4)/(-36) + 238204/558?
15
Calculate the remainder when 1540 is divided by 519/6 + 130/(-260).
78
Let q = -8721 + 10063. What is the remainder when q is divided by 84?
82
Suppose 3*p - 4*t = 81, -p = -3*t + 2 - 24. Suppose k + p - 821 = -5*w, 4*k + 20 = 0. What is the remainder when w is divided by 18?
15
Let v(y) = 9*y**2 + 39*y + 22. Let s be v(-12). Suppose -118*z + 128*z = s. What is the remainder when z is divided by 18?
13
Let v(o) = o**2 + 1. What is the remainder when (10 + (-403)/39)*-225 is divided by v(-5)?
23
Let u = 188 - 144. Suppose -t - 10 + u = 0. What is the remainder when 267 is divided by t?
29
Suppose -118*w = -7773 - 519 - 4216. What is the remainder when w is divided by 37 + 2/(-3 + 1)?
34
Let d = -5751 + 5890. Calculate the remainder when 5835 is divided by d.
136
Let n(v) = v**3 - 37*v**2 + 71*v - 33. Let s be n(35). Calculate the remainder when 117 is divided by 5/s*(-48)/(-5).
21
Let a = -5 + 10. Let f(r) = 9*r**2 + 52*r - 27. Let h be f(-9). Suppose -a*l = -g - h, 3*l - 3*g - 122 = -7*g. Calculate the remainder when l is divided by 6.
4
Let f(g) = g**3 + 4*g**2 + g + 7. Let s be f(-4). Suppose 0 = -j, -j + 0 - 3 = -s*q. Suppose 5*u - 134 = q. Calculate the remainder when 50 is divided by u.
23
Let x(c) = -c + 9 + 11*c + 0 - c**2. Let b(a) = -2*a**2 - 50*a + 515. Calculate the remainder when b(-32) is divided by x(9).
13
Let l(c) = c**3 + 16*c**2 + 29*c + 2. Let x be l(-14). Calculate the remainder when (292/(-16))/(3/x) is divided by 25.
23
Suppose 0 = 2*p + 2*d - 70 - 124, -2*d = -4*p + 382. Suppose 99 = 5*m - p. Let w = m - 33. Calculate the remainder when 23 is divided by w.
5
Suppose 127 + 379 = -4*n + 5*j, 10 = -5*j. Let a = n - -159. Calculate the remainder when a is divided by 11.
8
Suppose 0*o - 73 = -6*o + 257. What is the remainder when 121 is divided by o?
11
Let w(c) = 13*c - 3. Suppose -627 = -p - 8*p + 615. Calculate the remainder when p is divided by w(3).
30
Calculate the remainder when 222 is divided by 1634/26 + 206/1339.
33
Suppose -284 - 345 = 351*o - 368*o. What is the remainder when 208 is divided by o?
23
Let d(c) = -2*c + 38 - 36 - 19*c. What is the remainder when d(-3) is divided by 33?
32
Let y be 0 + ((-1)/3 - 9/(-27)). Suppose -4*h + 23 = 5*k, y = -k - 5*h - 8. What is the remainder when ((-3472)/(-20))/k + (-4)/5 is divided by 7?
3
Let g be 2*(638/(-4) - -2). Let y = g - -489. Suppose 5*h + y = 11*h. What is the remainder when 84 is divided by h?
26
Suppose 5*y - 20 = 0, 5*q + 96*y = 91*y + 2115. What is the remainder when q is divided by 42?
41
Let b(t) = -49*t**2 + 974*t + 123. Let g(r) = -r - 1. What is the remainder when b(20) is divided by g(-2)?
0
Suppose 5*c - 4*l = 123, -5*c + 213 = l + 75. Suppose 0 = 4*a - 482 - 34. Calculate the remainder when a is divided by c.
21
Calculate the remainder when 96800/(-120)*27/(-12) is divided by 16.
7
Let h(g) = -191*g + 2353. What is the remainder when h(12) is divided by 9?
7
Let o(p) = -p**3 + 58*p**2 - 744*p - 52. Calculate the remainder when o(38) is divided by 200.
156
Let u(g) = g**3 + 6*g**2 + 15*g - 39. Let s be u(7). Let d = s - 695. Calculate the remainder when 222 is divided by d.
6
Suppose 2*v - 23 - 5 = 4*q, 2*q = -10. Suppose 2*g + 0 + 6 = 0, g = -v*b + 205. What is the remainder when 206 is divided by b?
50
Let i = -53 - -47. Let l(v) = 2*v**2 + 8*v - 10. Suppose 4*y = -0*y + 328. Calculate the remainder when y is divided by l(i).
12
Suppose 63*h - 59*h - 24 = 0, -s + 5703 = 4*h. What is the remainder when s is divided by 1892?
3
Let y = -259 + 258. Let r(v) = 383*v**2 + 17*v + 16. Calculate the remainder when r(y) is divided by 8.
6
Suppose 10778 + 50702 = 116*k. Calculate the remainder when k is divided by 518.
12
Let h = 14144 + -14079. Calculate the remainder when 969 is divided by h.
59
Let k(n) = -n**3 + 7*n**2 - 4*n - 4. Calculate the remainder when 2830 is divided by k(5).
22
Let j = -19 - -5. Let u(x) = 15*x + 17. Let n be u(j). Let k = n - -304. What is the remainder when k is divided by 28?
27
Suppose 4*k - 452 - 867 = -5*b, -b = 4*k - 1339. Suppose 150 = 18*w - k. Calculate the remainder when 185 is divided by w.
23
Suppose 63*i = 41332 + 10895. Calculate the remainder when i is divided by 209.
202
Let o(t) = -t**2 + 8*t + 4. Let p be o(8). Suppose k - 163 = -p*a + 71, k + 2*a - 224 = 0. Calculate the remainder when k is divided by 36.
34
Let u = 306 - 309. Calculate the remainder when 107 is divided by -12*1*u*(-3)/(-9).
11
Suppose 6*s = 12*s + s - 602. Calculate the remainder when 266 is divided by s.
8
Let s(x) = -3*x - 4. Suppose 294*q - 67 = 289*q - 3*k, 5*q + 2*k - 73 = 0. Calculate the remainder when q is divided by s(-6).
3
Let t = -9968 - -10144. Calculate the remainder when 354 is divided by t.
2
Let m(x) = -1240*x + 6204. What is the remainder when 1834 is divided by m(5)?
2
Suppose 3*r - 23 = 76. Suppose 5*p = m + r, 2*p - 18 - 3 = 3*m. Calculate the remainder when p is divided by 3.
0
Suppose 114*k = 294*k - 6161 - 82399. What is the remainder when k is divided by 133?
93
Let d(o) = o**3 - 3*o**2 - 5*o + 10. What is the remainder when 859 is divided by d(0)?
9
Let n(s) = -719*s - 7712. What is the remainder when 433 is divided by n(-11)?
39
Suppose 4*x - 2349 = -i, -536*x + 4*i = -532*x - 2424. Suppose -2*n + 5*l = 3, -5*n + 30 = -0*n - 5*l. Calculate the remainder when x is divided by n.
8
Let k(r) = 60*r + 10*r**2 - 4 - 3*r**2 - 68*r. What is the remainder when k(2) is divided by 7?
1
Let c(s) = 15*s**2 + 34*s + 96. Calculate the remainder when c(-4) is divided by (-1410)/(-27) - (-2)/(-9).
44
Suppose z - 80 = 5*z. What is the remainder when (z/12)/(2/(-30)) is divided by (-3)/21 - (1 + (-297)/21)?
12
Let q(j) = 3*j**2 + 6*j + 13. Let g(v) = 2*v + 3. Let k be g(-4). What is the remainder when q(k) is divided by 24?
10
Suppose 240 = 5*t + 70. Let y = -9 + t. Suppose -5*k + 5*s - y = -10*k, 2*k + 4*s = 10. What is the remainder when 28 is divided by k?
3
Let v(m) = -2*m**3 - 3*m**2 + 1038*m - 9. Calculate the remainder when v(22) is divided by (-42)/(-5)*(2 - -3).
37
Let u(j) be the second derivative of j**4/12 + 29*j**3/6 + 107*j**2/2 - 76*j. What is the remainder when 196 is divided by u(-27)?
37
Let k be 0 + ((-21780)/(-5))/4. What is the remainder when k/7 - 1 - 6/(-14) is divided by 32?
27
Let q(j) = 14*j + 157. Let p(y) = 2*y + 2. Let u(n) = -2*p(n) + q(n). Calculate the remainder when u(-13) is divided by 21.
2
Let d = 578549 - 578541. Suppose 4*p + 5*z = 2*p + 234, 4*p - 5*z - 528 = 0. Calculate the remainder when p is divided by d.
7
Let t be (0/6)/(2 + -1). Suppose 3*r - 32 = 2*r + 5*g, -4*r - g + 44 = t. Calculate the remainder when 68 is divided by r.
8
Let x(d) = d**3 + 7*d**2 - 3*d + 5. Calculate the remainder when (4/(-12))/((-23)/2829) is divided by x(-7).
15
Let r = -1116 - -1145. Calculate the remainder when 722 is divided by r.
26
Let n = 61 + -1259. Let t = -559 - n. Calculate the remainder when (t/2)/3*(-8)/(-12) is divided by 15.
11
Let i = 94 - 44. Let a = -1138 - -1140. Suppose 2*o + 30 = a*c, -4*o = -4*c - 2*o + i. Calculate the remainder when 18 is divided by c.
8
Suppose 5*d - 336 - 154 = 0. Calculate the remainder when d is divided by ((-112)/40)/(-14)*180.
26
Let g = -23 - -36. Suppose 0 = 5*i - 2*i. Suppose 192 = -5*r + 8*r + 3*h, 4*h - 4 = i. Calculate the remainder when r is divided by g.
11
Let k(n) = -n**3 - 14*n**2 - 19*n - 317. What is the remainder when k(-15) is divided by 82?
29
Let z = 2603 + -2591. What is the remainder when 135 is divided by z?
3
Suppose -10*i + 14227 = 21*i - 1087. Calculate the remainder when 1483 is divided by i.
1
Let i = -4883 + 4889. Suppose 5*d = d. Suppose d*a - a = -8. Calculate the remainder when a is divided by i.
2
Let y be 26/(((-1)/3)/((-14)/(-3))). Let f = 416 + y. Calculate the remainder when 356 is divided by f.
44
Suppose 5*n - 113 = -2*y, 3*